 11
-665
143706 (base 8) to base 7
302050
Convert 2ed (base 15) to base 6.
3041
-8a40 (base 14) to base 13
-aba9
-fb (base 16) to base 6
-1055
-a460 (base 11) to base 5
-420420
What is 471b (base 12) in base 6?
100435
What is -263 (base 8) in base 7?
-344
Convert 398 (base 10) to base 14.
206
1c2 (base 16) to base 2
111000010
What is -3214 (base 12) in base 2?
-1010101110000
Convert 11612 (base 7) to base 15.
d82
Convert 55c4 (base 16) to base 15.
678b
Convert a11 (base 12) to base 5.
21303
-da54 (base 14) to base 10
-37706
Convert c8f (base 16) to base 14.
1259
What is 3100 (base 5) in base 8?
620
Convert 56452 (base 7) to base 14.
52d2
Convert 28781 (base 9) to base 2.
100110010001010
203033 (base 5) to base 14
25c7
Convert a51 (base 15) to base 5.
33301
What is 4201 (base 6) in base 7?
2506
What is -650 (base 7) in base 16?
-149
-1016 (base 9) to base 6
-3240
Convert -100010000001 (base 2) to base 10.
-2177
Convert 350522 (base 6) to base 10.
30002
100011100011 (base 2) to base 8
4343
Convert 10010010111 (base 2) to base 16.
497
Convert 1201202 (base 3) to base 10.
1262
Convert -161 (base 16) to base 15.
-188
Convert -213134 (base 5) to base 14.
-2930
-302122 (base 4) to base 13
-1612
-6553 (base 13) to base 11
-a654
Convert -6376 (base 11) to base 9.
-12508
Convert -111121 (base 3) to base 11.
-304
-135561 (base 7) to base 13
-bac0
Convert 1454 (base 10) to base 3.
1222212
What is 36a47 (base 11) in base 10?
53170
-2731 (base 8) to base 11
-1141
-122010121 (base 3) to base 12
-728a
Convert 526 (base 8) to base 6.
1330
16a (base 15) to base 5
2300
3c7 (base 13) to base 12
47a
What is -13a4 (base 11) in base 8?
-3420
What is -2480 (base 12) in base 16?
-1020
10320 (base 5) to base 8
1306
Convert -12122201 (base 3) to base 4.
-1000123
What is 4311 (base 7) in base 3?
2002120
What is 1aa93 (base 12) in base 5?
2231232
1b88 (base 13) to base 8
10110
Convert -38a (base 12) to base 10.
-538
What is -3210 (base 5) in base 6?
-1554
Convert 695 (base 10) to base 2.
1010110111
What is -1000110000110101 (base 2) in base 9?
-54211
What is -ce0 (base 15) in base 11?
-2206
Convert -1113 (base 6) to base 10.
-261
-2341 (base 9) to base 5
-23423
Convert -1a89d (base 14) to base 12.
-33123
What is -10042 (base 6) in base 9?
-1728
-2666 (base 10) to base 8
-5152
What is -111110110 (base 2) in base 4?
-13312
1138 (base 11) to base 10
1493
-2120200 (base 4) to base 15
-2d5a
Convert 1206 (base 14) to base 11.
23a7
Convert 6e4 (base 16) to base 8.
3344
Convert 42cb (base 13) to base 3.
110202012
What is 1160 (base 10) in base 15?
525
Convert 615 (base 8) to base 4.
12031
Convert 7810 (base 10) to base 5.
222220
-439 (base 13) to base 15
-334
What is 37761 (base 9) in base 5?
1303113
Convert 2020101 (base 3) to base 4.
121132
4068 (base 9) to base 5
43403
Convert b7 (base 15) to base 12.
124
-22111001 (base 3) to base 2
-1100000101000
What is -14524 (base 6) in base 2?
-100100110100
Convert -1232100 (base 5) to base 13.
-ac21
Convert 928 (base 10) to base 4.
32200
What is -7422 (base 15) in base 5?
-1241212
Convert -34241 (base 5) to base 7.
-10063
-5637 (base 16) to base 7
-121230
1396 (base 12) to base 5
33044
Convert -3146 (base 13) to base 14.
-26b0
2134 (base 13) to base 10
4606
Convert 570 (base 8) to base 9.
457
What is 14071 (base 9) in base 11?
7194
What is 64d (base 14) in base 6?
5433
Convert 3112 (base 5) to base 9.
502
12410 (base 6) to base 7
5322
What is -3127 (base 11) in base 6?
-31103
22231 (base 4) to base 5
10220
-2242 (base 5) to base 10
-322
3a1 (base 13) to base 15
2c8
What is -65 (base 15) in base 16?
-5f
-185 (base 11) to base 15
-e4
-8162 (base 11) to base 8
-25125
What is 11221201 (base 3) in base 6?
24414
100011101 (base 2) to base 8
435
What is -32340 (base 5) in base 4?
-202230
Convert -8246 (base 10) to base 6.
-102102
Convert -2301 (base 12) to base 10.
-3889
What is -17a4 (base 11) in base 13?
-1074
What is -4d25 (base 15) in base 3?
-211120122
-155e (base 15) to base 7
-16244
Convert -36560 (base 7) to base 13.
-4466
Convert -3000 (base 6) to base 4.
-22020
-2427 (base 11) to base 8
-6147
Convert 49a6 (base 16) to base 8.
44646
-2151 (base 6) to base 13
-2c5
Convert -508f (base 16) to base 3.
-1001021211
4c3f (base 16) to base 15
5bb4
-227516 (base 8) to base 5
-4441041
What is 753 (base 8) in base 11?
407
What is -1672 (base 9) in base 16?
-500
-58 (base 15) to base 5
-313
Convert 2a3a8 (base 11) to base 4.
22201001
Convert 757 (base 16) to base 8.
3527
What is 2022000022 (base 3) in base 13?
17765
What is -42 (base 11) in base 4?
-232
-1656 (base 9) to base 11
-a51
Convert 100010100010 (base 2) to base 4.
202202
Convert 101 (base 15) to base 2.
11100010
-22525 (base 6) to base 4
-302111
Convert 10010100011 (base 2) to base 4.
102203
-521441 (base 6) to base 15
-c607
What is -8022 (base 10) in base 11?
-6033
What is 547 (base 15) in base 9?
1564
What is 22eb (base 15) in base 2?
1110011111101
What is -5338 (base 10) in base 14?
-1d34
What is -2367 (base 9) in base 5?
-24022
What is b2d (base 15) in base 2?
100111010110
Convert -c11 (base 13) to base 11.
-1597
What is 1844 (base 10) in base 7?
5243
Convert 11431 (base 8) to base 7.
20153
What is -302132 (base 5) in base 14?
-3747
Convert 1984 (base 15) to base 2.
1010110010100
What is 5323 (base 6) in base 8?
2263
Convert -123 (base 7) to base 16.
-42
11110110 (base 2) to base 8
366
120340 (base 6) to base 11
7986
-156 (base 13) to base 8
-360
Convert 31483 (base 9) to base 14.
7827
Convert 615 (base 8) to base 9.
481
-322012 (base 4) to base 14
-14d8
102021 (base 3) to base 14
17a
What is -c763 (base 13) in base 8?
-65754
Convert -131302 (base 4) to base 12.
-112a
Convert a32 (base 12) to base 2.
10111000110
Convert -28983 (base 10) to base 4.
-13010313
What is 2001 (base 7) in base 9?
843
What is -21 (base 16) in base 4?
-201
What is a966 (base 13) in base 3?
1012100011
What is 6315 (base 12) in base 4?
2221001
What is -27b (base 12) in base 15?
-1a8
2202030 (base 5) to base 2
1001001110000101
What is 4378 (base 9) in base 11?
2477
718b (base 14) to base 2
100110001000111
1185 (base 12) to base 14
a0d
What is -111000111100 (base 2) in base 12?
-2138
What is -4446 (base 8) in base 7?
-6554
-41301 (base 6) to base 7
-22030
-24a (base 14) to base 10
-458
Convert -11693 (base 11) to base 7.
-66660
10100111001001 (base 2) to base 14
3c81
Convert a2 (base 14) to base 5.
1032
14334 (base 6) to base 7
6451
Convert -1230213 (base 4) to base 3.
-100112110
What is 1033404 (base 5) in base 9?
26586
242334 (base 5) to base 14
3458
424 (base 6) to base 8
240
-133320 (base 4) to base 7
-5643
Convert 8539 (base 12) to base 7.
60351
258 (base 14) to base 5
3340
-777 (base 11) to base 2
-1110100011
-9107 (base 10) to base 3
-110111022
Convert -224 (base 12) to base 2.
-100111100
435 (base 11) to base 10
522
-9023 (base 10) to base 14
-3407
1120021 (base 3) to base 11
948
-6bfd (base 16) to base 7
-143412
-25660 (base 7) to base 14
-26d7
Convert 2414 (base 13) to base 7.
20555
9c (base 15) to base 12
103
Convert -637 (base 10) to base 15.
-2c7
What is -12d3 (base 14) in base 8?
-6371
1125 (base 13) to base 8
4535
What is -856 (base 11) in base 9?
-1363
42230 (base 11) to base 2
1111000000111101
What is -de65 (base 16) in base 8?
-157145
What is -4437 (base 10) in base 9?
-6070
What is 1202120 (base 3) in base 12?
8b0
What is -1123 (base 6) in base 13?
-177
-1000110111 (base 2) to base 14
-2c7
Convert 10110000000 (base 2) to base 9.
1834
-254 (base 6) to base 7
-211
Convert 110001100111011 (base 2) to base 13.
b741
Convert -166304 (base 7) to base 11.
-23124
What is -120221022 (base 3) in base 4?
-2311202
-20bb (base 15) to base 10
-6926
Convert 1531142 (base 6) to base 5.
10332302
What is 84b (base 15) in base 3?
2120022
What is -9 (base 10) in base 11?
-9
2221012200 (base 3) to base 8
160620
Convert -12252 (base 8) to base 14.
-1cdc
What is -2211120 (base 4) in base 10?
-10584
331 (base 16) to base 8
1461
-30a4 (base 14) to base 4
-2002320
Convert -11a20 (base 12) to base 15.
-7153
Convert -101000110 (base 2) to base 9.
-402
What is -184d (base 16) in base 5?
-144341
-d6ea (base 15) to base 3
-2022100011
What is 6431 (base 14) in base 12?
a00b
Convert 200100 (base 3) to base 2.
111101111
Wh